{"id":25,"date":"2021-02-23T14:56:01","date_gmt":"2021-02-23T14:56:01","guid":{"rendered":"http:\/\/kjarval.dk\/?page_id=25"},"modified":"2026-01-04T18:08:03","modified_gmt":"2026-01-04T18:08:03","slug":"kontakt","status":"publish","type":"page","link":"https:\/\/kjarval.dk\/index.php\/kontakt\/","title":{"rendered":"KONTAKT"},"content":{"rendered":"<div class=\"wp-block-image\">\n<figure class=\"alignright size-full\"><img loading=\"lazy\" decoding=\"async\" width=\"278\" height=\"494\" src=\"https:\/\/kjarval.dk\/wp-content\/uploads\/2021\/02\/maria6.jpg\" alt=\"\" class=\"wp-image-23\" srcset=\"https:\/\/kjarval.dk\/wp-content\/uploads\/2021\/02\/maria6.jpg 278w, https:\/\/kjarval.dk\/wp-content\/uploads\/2021\/02\/maria6-169x300.jpg 169w\" sizes=\"auto, (max-width: 278px) 100vw, 278px\" \/><\/figure>\n<\/div>\n\n\n<h2 class=\"wp-block-heading\"><br><strong>ATELIER KJARVAL<br> <\/strong><\/h2>\n\n\n\n<h2 class=\"wp-block-heading\"><strong>mail: maria@kjarval.dk<\/strong> <\/h2>\n\n\n\n<p><strong>\u00c5BEN EFTER AFTALE<\/strong><br><strong>Tlf. 23 26 85 77<br>Jeg er for det meste i huset.<br>N\u00f8rregade 12 st. th. ind ad porten 3300 Frederiksv\u00e6rk.<\/strong><\/p>\n","protected":false},"excerpt":{"rendered":"<p>ATELIER KJARVAL mail: maria@kjarval.dk \u00c5BEN EFTER AFTALETlf. 23 26 85 77Jeg er for det meste i huset.N\u00f8rregade 12 st. th. ind ad porten 3300 Frederiksv\u00e6rk.<\/p>\n","protected":false},"author":1,"featured_media":0,"parent":0,"menu_order":0,"comment_status":"closed","ping_status":"closed","template":"","meta":{"footnotes":""},"class_list":["post-25","page","type-page","status-publish","hentry"],"_links":{"self":[{"href":"https:\/\/kjarval.dk\/index.php\/wp-json\/wp\/v2\/pages\/25","targetHints":{"allow":["GET"]}}],"collection":[{"href":"https:\/\/kjarval.dk\/index.php\/wp-json\/wp\/v2\/pages"}],"about":[{"href":"https:\/\/kjarval.dk\/index.php\/wp-json\/wp\/v2\/types\/page"}],"author":[{"embeddable":true,"href":"https:\/\/kjarval.dk\/index.php\/wp-json\/wp\/v2\/users\/1"}],"replies":[{"embeddable":true,"href":"https:\/\/kjarval.dk\/index.php\/wp-json\/wp\/v2\/comments?post=25"}],"version-history":[{"count":9,"href":"https:\/\/kjarval.dk\/index.php\/wp-json\/wp\/v2\/pages\/25\/revisions"}],"predecessor-version":[{"id":112,"href":"https:\/\/kjarval.dk\/index.php\/wp-json\/wp\/v2\/pages\/25\/revisions\/112"}],"wp:attachment":[{"href":"https:\/\/kjarval.dk\/index.php\/wp-json\/wp\/v2\/media?parent=25"}],"curies":[{"name":"wp","href":"https:\/\/api.w.org\/{rel}","templated":true}]}}