{"id":44,"date":"2021-02-23T15:53:30","date_gmt":"2021-02-23T15:53:30","guid":{"rendered":"http:\/\/kjarval.dk\/?page_id=44"},"modified":"2026-01-04T17:58:50","modified_gmt":"2026-01-04T17:58:50","slug":"aabningstider","status":"publish","type":"page","link":"https:\/\/kjarval.dk\/index.php\/aabningstider\/","title":{"rendered":""},"content":{"rendered":"<div class=\"wp-block-image\">\n<figure class=\"alignright size-full\"><img loading=\"lazy\" decoding=\"async\" width=\"591\" height=\"591\" src=\"https:\/\/kjarval.dk\/wp-content\/uploads\/2021\/02\/48257026_1951087081664995_8459451084660801536_n.jpg\" alt=\"\" class=\"wp-image-19\" srcset=\"https:\/\/kjarval.dk\/wp-content\/uploads\/2021\/02\/48257026_1951087081664995_8459451084660801536_n.jpg 591w, https:\/\/kjarval.dk\/wp-content\/uploads\/2021\/02\/48257026_1951087081664995_8459451084660801536_n-300x300.jpg 300w, https:\/\/kjarval.dk\/wp-content\/uploads\/2021\/02\/48257026_1951087081664995_8459451084660801536_n-150x150.jpg 150w\" sizes=\"auto, (max-width: 591px) 100vw, 591px\" \/><\/figure>\n<\/div>\n\n\n<p><strong>ATELIER V\u00c6RKSTEDE<\/strong><\/p>\n\n\n\n<p><strong>N\u00d8RREGADE 12, FREDERIKSV\u00c6RK<br>ATELIER KJARVAL<br>Maria S. Kjarval Billedkunstner<br>udstiller oliemalerier og tegninger.<br>og salg af plakater kunst postkort.<\/strong><\/p>\n\n\n\n<p><strong>\u00c5ben efter aftale.<\/strong><\/p>\n\n\n\n<p><strong>Tlf. 23 26 85 77<br>\u00a0I kan ringe og aftale.  Er for det meste i huset.<br>N\u00f8rregade 12 st. th. ind ad porten 3300 Frederiksv\u00e6rk.<\/strong><\/p>\n","protected":false},"excerpt":{"rendered":"<p>ATELIER V\u00c6RKSTEDE N\u00d8RREGADE 12, FREDERIKSV\u00c6RKATELIER KJARVALMaria S. Kjarval Billedkunstnerudstiller oliemalerier og tegninger.og salg af plakater kunst postkort. \u00c5ben efter aftale. Tlf. 23 26 85 77\u00a0I kan ringe og aftale. Er for det meste i huset.N\u00f8rregade&hellip;<\/p>\n","protected":false},"author":1,"featured_media":0,"parent":0,"menu_order":0,"comment_status":"closed","ping_status":"closed","template":"","meta":{"footnotes":""},"class_list":["post-44","page","type-page","status-publish","hentry"],"_links":{"self":[{"href":"https:\/\/kjarval.dk\/index.php\/wp-json\/wp\/v2\/pages\/44","targetHints":{"allow":["GET"]}}],"collection":[{"href":"https:\/\/kjarval.dk\/index.php\/wp-json\/wp\/v2\/pages"}],"about":[{"href":"https:\/\/kjarval.dk\/index.php\/wp-json\/wp\/v2\/types\/page"}],"author":[{"embeddable":true,"href":"https:\/\/kjarval.dk\/index.php\/wp-json\/wp\/v2\/users\/1"}],"replies":[{"embeddable":true,"href":"https:\/\/kjarval.dk\/index.php\/wp-json\/wp\/v2\/comments?post=44"}],"version-history":[{"count":8,"href":"https:\/\/kjarval.dk\/index.php\/wp-json\/wp\/v2\/pages\/44\/revisions"}],"predecessor-version":[{"id":110,"href":"https:\/\/kjarval.dk\/index.php\/wp-json\/wp\/v2\/pages\/44\/revisions\/110"}],"wp:attachment":[{"href":"https:\/\/kjarval.dk\/index.php\/wp-json\/wp\/v2\/media?parent=44"}],"curies":[{"name":"wp","href":"https:\/\/api.w.org\/{rel}","templated":true}]}}